[INFO] cloning repository https://github.com/afidegnum/myblog
[INFO] running `Command { std: "git" "-c" "credential.helper=" "-c" "credential.helper=/workspace/cargo-home/bin/git-credential-null" "clone" "--bare" "https://github.com/afidegnum/myblog" "/workspace/cache/git-repos/https%3A%2F%2Fgithub.com%2Fafidegnum%2Fmyblog", kill_on_drop: false }`
[INFO] [stderr] Cloning into bare repository '/workspace/cache/git-repos/https%3A%2F%2Fgithub.com%2Fafidegnum%2Fmyblog'...
[INFO] running `Command { std: "git" "rev-parse" "HEAD", kill_on_drop: false }`
[INFO] [stdout] 04d6858c598d0813f65665f1ef865bea3378d446
[INFO] checking afidegnum/myblog against master#9610dfe5a9a731ced1ea4923ecbd0c57fe367898 for beta-170-4
[INFO] running `Command { std: "git" "clone" "/workspace/cache/git-repos/https%3A%2F%2Fgithub.com%2Fafidegnum%2Fmyblog" "/workspace/builds/worker-2-tc1/source", kill_on_drop: false }`
[INFO] [stderr] Cloning into '/workspace/builds/worker-2-tc1/source'...
[INFO] [stderr] done.
[INFO] validating manifest of git repo https://github.com/afidegnum/myblog on toolchain 9610dfe5a9a731ced1ea4923ecbd0c57fe367898
[INFO] running `Command { std: CARGO_HOME="/workspace/cargo-home" RUSTUP_HOME="/workspace/rustup-home" "/workspace/cargo-home/bin/cargo" "+9610dfe5a9a731ced1ea4923ecbd0c57fe367898" "metadata" "--manifest-path" "Cargo.toml" "--no-deps", kill_on_drop: false }`
[INFO] started tweaking git repo https://github.com/afidegnum/myblog
[INFO] finished tweaking git repo https://github.com/afidegnum/myblog
[INFO] tweaked toml for git repo https://github.com/afidegnum/myblog written to /workspace/builds/worker-2-tc1/source/Cargo.toml
[INFO] crate git repo https://github.com/afidegnum/myblog already has a lockfile, it will not be regenerated
[INFO] running `Command { std: CARGO_HOME="/workspace/cargo-home" RUSTUP_HOME="/workspace/rustup-home" "/workspace/cargo-home/bin/cargo" "+9610dfe5a9a731ced1ea4923ecbd0c57fe367898" "fetch" "--manifest-path" "Cargo.toml", kill_on_drop: false }`
[INFO] [stderr]     Updating crates.io index
[INFO] [stderr]  Downloading crates ...
[INFO] [stderr]   Downloaded tokio-pg-mapper v0.2.0
[INFO] [stderr]   Downloaded sycamore-reactive v0.7.1
[INFO] [stderr]   Downloaded lexical-write-integer v0.8.3
[INFO] [stderr]   Downloaded lexical-core v0.8.3
[INFO] [stderr]   Downloaded lexical v6.1.0
[INFO] [stderr]   Downloaded sycamore-macro v0.7.1
[INFO] [stderr]   Downloaded deadpool-runtime v0.1.2
[INFO] [stderr]   Downloaded tokio-pg-mapper-derive v0.2.0
[INFO] [stderr]   Downloaded fmterr v0.1.1
[INFO] [stderr]   Downloaded deadpool v0.9.4
[INFO] [stderr]   Downloaded deadpool-postgres v0.10.2
[INFO] [stderr]   Downloaded perseus v0.3.5
[INFO] [stderr]   Downloaded lexical-parse-float v0.8.3
[INFO] [stderr]   Downloaded sycamore v0.7.1
[INFO] [stderr]   Downloaded rexie v0.2.1
[INFO] [stderr]   Downloaded tokio-postgres v0.5.5
[INFO] [stderr]   Downloaded postgres_query v0.3.3
[INFO] [stderr]   Downloaded reqwasm v0.5.0
[INFO] [stderr]   Downloaded lexical-parse-integer v0.8.3
[INFO] [stderr]   Downloaded lexical-write-float v0.8.4
[INFO] [stderr]   Downloaded lexical-util v0.8.3
[INFO] [stderr]   Downloaded postgres-protocol v0.5.3
[INFO] [stderr]   Downloaded postgres-types v0.1.3
[INFO] [stderr]   Downloaded postgres_query_macro v0.3.1
[INFO] [stderr]   Downloaded perseus-macro v0.3.5
[INFO] [stderr]   Downloaded sycamore-router-macro v0.7.1
[INFO] [stderr]   Downloaded sycamore-router v0.7.1
[INFO] running `Command { std: "docker" "create" "-v" "/var/lib/crater-agent-workspace/builds/worker-2-tc1/target:/opt/rustwide/target:rw,Z" "-v" "/var/lib/crater-agent-workspace/builds/worker-2-tc1/source:/opt/rustwide/workdir:ro,Z" "-v" "/var/lib/crater-agent-workspace/cargo-home:/opt/rustwide/cargo-home:ro,Z" "-v" "/var/lib/crater-agent-workspace/rustup-home:/opt/rustwide/rustup-home:ro,Z" "-e" "SOURCE_DIR=/opt/rustwide/workdir" "-e" "CARGO_TARGET_DIR=/opt/rustwide/target" "-e" "CARGO_HOME=/opt/rustwide/cargo-home" "-e" "RUSTUP_HOME=/opt/rustwide/rustup-home" "-w" "/opt/rustwide/workdir" "-m" "1610612736" "--user" "0:0" "--network" "none" "ghcr.io/rust-lang/crates-build-env/linux@sha256:19e73879b68f455e41552ea35293514db52ea292d993f571636dbffedb77a1ee" "/opt/rustwide/cargo-home/bin/cargo" "+9610dfe5a9a731ced1ea4923ecbd0c57fe367898" "metadata" "--no-deps" "--format-version=1", kill_on_drop: false }`
[INFO] [stdout] 2c89876b19d97ef632df4013ab2854fce5a936a8bb4e927b0024f7ede7308551
[INFO] running `Command { std: "docker" "start" "-a" "2c89876b19d97ef632df4013ab2854fce5a936a8bb4e927b0024f7ede7308551", kill_on_drop: false }`
[INFO] running `Command { std: "docker" "inspect" "2c89876b19d97ef632df4013ab2854fce5a936a8bb4e927b0024f7ede7308551", kill_on_drop: false }`
[INFO] running `Command { std: "docker" "rm" "-f" "2c89876b19d97ef632df4013ab2854fce5a936a8bb4e927b0024f7ede7308551", kill_on_drop: false }`
[INFO] [stdout] 2c89876b19d97ef632df4013ab2854fce5a936a8bb4e927b0024f7ede7308551
[INFO] running `Command { std: "docker" "create" "-v" "/var/lib/crater-agent-workspace/builds/worker-2-tc1/target:/opt/rustwide/target:rw,Z" "-v" "/var/lib/crater-agent-workspace/builds/worker-2-tc1/source:/opt/rustwide/workdir:ro,Z" "-v" "/var/lib/crater-agent-workspace/cargo-home:/opt/rustwide/cargo-home:ro,Z" "-v" "/var/lib/crater-agent-workspace/rustup-home:/opt/rustwide/rustup-home:ro,Z" "-e" "SOURCE_DIR=/opt/rustwide/workdir" "-e" "CARGO_TARGET_DIR=/opt/rustwide/target" "-e" "CARGO_INCREMENTAL=0" "-e" "RUST_BACKTRACE=full" "-e" "RUSTFLAGS=--cap-lints=forbid" "-e" "RUSTDOCFLAGS=--cap-lints=forbid" "-e" "CARGO_HOME=/opt/rustwide/cargo-home" "-e" "RUSTUP_HOME=/opt/rustwide/rustup-home" "-w" "/opt/rustwide/workdir" "-m" "1610612736" "--user" "0:0" "--network" "none" "ghcr.io/rust-lang/crates-build-env/linux@sha256:19e73879b68f455e41552ea35293514db52ea292d993f571636dbffedb77a1ee" "/opt/rustwide/cargo-home/bin/cargo" "+9610dfe5a9a731ced1ea4923ecbd0c57fe367898" "check" "--frozen" "--all" "--all-targets" "--message-format=json", kill_on_drop: false }`
[INFO] [stdout] 69762a03640f35f6d438bcbe929d209dc4d5281ec4475f607caf874b1af369ed
[INFO] running `Command { std: "docker" "start" "-a" "69762a03640f35f6d438bcbe929d209dc4d5281ec4475f607caf874b1af369ed", kill_on_drop: false }`
[INFO] [stderr]    Compiling libc v0.2.122
[INFO] [stderr]    Compiling syn v1.0.91
[INFO] [stderr]    Compiling log v0.4.16
[INFO] [stderr]    Compiling generic-array v0.14.5
[INFO] [stderr]    Compiling futures-core v0.3.21
[INFO] [stderr]     Checking once_cell v1.10.0
[INFO] [stderr]    Compiling serde_json v1.0.79
[INFO] [stderr]    Compiling futures-task v0.3.21
[INFO] [stderr]     Checking subtle v2.4.1
[INFO] [stderr]    Compiling futures-util v0.3.21
[INFO] [stderr]     Checking futures-sink v0.3.21
[INFO] [stderr]    Compiling wasm-bindgen v0.2.80
[INFO] [stderr]     Checking tinyvec v1.5.1
[INFO] [stderr]    Compiling memchr v2.4.1
[INFO] [stderr]    Compiling ahash v0.7.6
[INFO] [stderr]     Checking unicode-bidi v0.3.7
[INFO] [stderr]    Compiling futures-channel v0.3.21
[INFO] [stderr]     Checking slab v0.4.6
[INFO] [stderr]    Compiling async-trait v0.1.53
[INFO] [stderr]     Checking bytes v1.1.0
[INFO] [stderr]    Compiling num-traits v0.2.14
[INFO] [stderr]     Checking static_assertions v1.1.0
[INFO] [stderr]    Compiling indexmap v1.8.1
[INFO] [stderr]     Checking lexical-util v0.8.3
[INFO] [stderr]     Checking fallible-iterator v0.2.0
[INFO] [stderr]     Checking futures-io v0.3.21
[INFO] [stderr]    Compiling ring v0.16.20
[INFO] [stderr]    Compiling num-integer v0.1.44
[INFO] [stderr]    Compiling tinyvec_macros v0.1.0
[INFO] [stderr]    Compiling pin-project-lite v0.2.8
[INFO] [stderr]    Compiling smallvec v1.8.0
[INFO] [stderr]     Checking lexical-write-integer v0.8.3
[INFO] [stderr]     Checking crypto-common v0.1.3
[INFO] [stderr]     Checking block-buffer v0.10.2
[INFO] [stderr]     Checking digest v0.9.0
[INFO] [stderr]     Checking lexical-parse-integer v0.8.3
[INFO] [stderr]     Checking unicode-normalization v0.1.19
[INFO] [stderr]    Compiling ucd-trie v0.1.3
[INFO] [stderr]     Checking digest v0.10.3
[INFO] [stderr]     Checking lexical-write-float v0.8.4
[INFO] [stderr]     Checking block-buffer v0.9.0
[INFO] [stderr]     Checking lexical-parse-float v0.8.3
[INFO] [stderr]     Checking crypto-mac v0.9.1
[INFO] [stderr]     Checking getrandom v0.2.6
[INFO] [stderr]     Checking socket2 v0.4.4
[INFO] [stderr]     Checking mio v0.8.2
[INFO] [stderr]     Checking getrandom v0.1.16
[INFO] [stderr]     Checking rand_core v0.6.3
[INFO] [stderr]     Checking time v0.1.43
[INFO] [stderr]     Checking net2 v0.2.37
[INFO] [stderr]     Checking rand_core v0.5.1
[INFO] [stderr]     Checking parking_lot_core v0.8.5
[INFO] [stderr]     Checking rand_chacha v0.3.1
[INFO] [stderr]     Checking iovec v0.1.4
[INFO] [stderr]     Checking hmac v0.12.1
[INFO] [stderr]     Checking md-5 v0.10.1
[INFO] [stderr]     Checking rand_chacha v0.2.2
[INFO] [stderr]     Checking parking_lot v0.11.2
[INFO] [stderr]     Checking tokio v1.18.0
[INFO] [stderr]     Checking mio v0.6.23
[INFO] [stderr]     Checking sha2 v0.10.2
[INFO] [stderr]    Compiling pest v2.1.3
[INFO] [stderr]    Compiling cpufeatures v0.2.2
[INFO] [stderr]     Checking chrono v0.4.19
[INFO] [stderr]    Compiling ident_case v1.0.1
[INFO] [stderr]     Checking rand v0.8.5
[INFO] [stderr]    Compiling maplit v1.0.2
[INFO] [stderr]    Compiling fnv v1.0.7
[INFO] [stderr]    Compiling serde v1.0.136
[INFO] [stderr]    Compiling strsim v0.10.0
[INFO] [stderr]     Checking stringprep v0.1.2
[INFO] [stderr]    Compiling pin-utils v0.1.0
[INFO] [stderr]    Compiling openssl-sys v0.9.72
[INFO] [stderr]     Checking sha2 v0.9.9
[INFO] [stderr]     Checking rand v0.7.3
[INFO] [stderr]     Checking mio-uds v0.6.8
[INFO] [stderr]     Checking lexical-core v0.8.3
[INFO] [stderr]     Checking hmac v0.9.0
[INFO] [stderr]    Compiling pest_meta v2.1.3
[INFO] [stderr]     Checking phf_shared v0.10.0
[INFO] [stderr]    Compiling instant v0.1.12
[INFO] [stderr]     Checking postgres-protocol v0.6.3
[INFO] [stderr]    Compiling scopeguard v1.1.0
[INFO] [stderr]     Checking utf8-width v0.1.6
[INFO] [stderr]    Compiling byteorder v1.4.3
[INFO] [stderr]    Compiling base64 v0.13.0
[INFO] [stderr]     Checking uuid v0.8.2
[INFO] [stderr]    Compiling hashbrown v0.11.2
[INFO] [stderr]    Compiling minimal-lexical v0.2.1
[INFO] [stderr]     Checking md5 v0.7.0
[INFO] [stderr]     Checking pin-project-lite v0.1.12
[INFO] [stderr]     Checking postgres-types v0.2.2
[INFO] [stderr]     Checking tokio v0.2.25
[INFO] [stderr]    Compiling nom v7.1.1
[INFO] [stderr]     Checking postgres-protocol v0.5.3
[INFO] [stderr]     Checking html-escape v0.2.11
[INFO] [stderr]    Compiling lock_api v0.4.7
[INFO] [stderr]     Checking phf v0.10.1
[INFO] [stderr]     Checking lexical v6.1.0
[INFO] [stderr]     Checking hashbrown v0.12.0
[INFO] [stderr]    Compiling ryu v1.0.9
[INFO] [stderr]    Compiling rustls v0.20.4
[INFO] [stderr]    Compiling itoa v1.0.1
[INFO] [stderr]    Compiling paste v1.0.7
[INFO] [stderr]     Checking dlv-list v0.3.0
[INFO] [stderr]     Checking miniz_oxide v0.5.1
[INFO] [stderr]     Checking phf v0.8.0
[INFO] [stderr]     Checking ordered-multimap v0.4.3
[INFO] [stderr]     Checking postgres-types v0.1.3
[INFO] [stderr]     Checking idna v0.2.3
[INFO] [stderr]     Checking webpki v0.22.0
[INFO] [stderr]     Checking sct v0.7.0
[INFO] [stderr]     Checking num_cpus v1.13.1
[INFO] [stderr]     Checking linked-hash-map v0.5.4
[INFO] [stderr]    Compiling percent-encoding v2.1.0
[INFO] [stderr]     Checking retain_mut v0.1.7
[INFO] [stderr]    Compiling openssl v0.10.38
[INFO] [stderr]     Checking regex v1.5.5
[INFO] [stderr]     Checking yaml-rust v0.4.5
[INFO] [stderr]     Checking webpki-roots v0.22.3
[INFO] [stderr]     Checking http v0.2.6
[INFO] [stderr]     Checking rust-ini v0.18.0
[INFO] [stderr]     Checking flate2 v1.0.23
[INFO] [stderr]     Checking url v2.2.2
[INFO] [stderr]     Checking pathdiff v0.2.1
[INFO] [stderr]     Checking fmterr v0.1.1
[INFO] [stderr]     Checking dotenv v0.15.0
[INFO] [stderr]    Compiling wasm-bindgen-backend v0.2.80
[INFO] [stderr]    Compiling darling_core v0.13.4
[INFO] [stderr]    Compiling pest_generator v2.1.3
[INFO] [stderr]     Checking tokio-util v0.3.1
[INFO] [stderr]     Checking tokio-util v0.6.9
[INFO] [stderr]     Checking deadpool-runtime v0.1.2
[INFO] [stderr]    Compiling wasm-bindgen-macro-support v0.2.80
[INFO] [stderr]    Compiling serde_derive v1.0.136
[INFO] [stderr]    Compiling futures-macro v0.3.21
[INFO] [stderr]    Compiling thiserror-impl v1.0.30
[INFO] [stderr]    Compiling sycamore-macro v0.7.1
[INFO] [stderr]    Compiling pin-project-internal v1.0.10
[INFO] [stderr]    Compiling pest_derive v2.1.0
[INFO] [stderr]    Compiling sycamore-router-macro v0.7.1
[INFO] [stderr]    Compiling postgres_query_macro v0.3.1
[INFO] [stderr]     Checking ureq v2.4.0
[INFO] [stderr]    Compiling derive_more v0.99.17
[INFO] [stderr]    Compiling wasm-bindgen-macro v0.2.80
[INFO] [stderr]    Compiling darling_macro v0.13.4
[INFO] [stderr]     Checking thiserror v1.0.30
[INFO] [stderr]     Checking pin-project v1.0.10
[INFO] [stderr]    Compiling darling v0.13.4
[INFO] [stderr]    Compiling js-sys v0.3.57
[INFO] [stderr]     Checking futures-executor v0.3.21
[INFO] [stderr]     Checking futures v0.3.21
[INFO] [stderr]     Checking tokio-postgres v0.7.5
[INFO] [stderr]     Checking tokio-postgres v0.5.5
[INFO] [stderr]    Compiling web-sys v0.3.57
[INFO] [stderr]    Compiling sycamore-reactive v0.7.1
[INFO] [stderr]    Compiling perseus-macro v0.3.5
[INFO] [stderr]     Checking tokio-pg-mapper v0.2.0
[INFO] [stderr]     Checking deadpool v0.9.4
[INFO] [stderr]     Checking ron v0.7.0
[INFO] [stderr]     Checking toml v0.5.9
[INFO] [stderr]     Checking json5 v0.4.1
[INFO] [stderr]     Checking postgres_query v0.3.3
[INFO] [stderr]     Checking deadpool-postgres v0.10.2
[INFO] [stderr]     Checking config v0.13.1
[INFO] [stderr]    Compiling tokio-pg-mapper-derive v0.2.0
[INFO] [stderr]     Checking console_error_panic_hook v0.1.7
[INFO] [stderr]     Checking wasm-bindgen-futures v0.4.30
[INFO] [stderr]     Checking gloo-utils v0.1.2
[INFO] [stderr]     Checking rexie v0.2.1
[INFO] [stderr]     Checking gloo-net v0.1.0
[INFO] [stderr]     Checking reqwasm v0.5.0
[INFO] [stderr]     Checking sycamore v0.7.1
[INFO] [stderr]     Checking sycamore-router v0.7.1
[INFO] [stderr]     Checking perseus v0.3.5
[INFO] [stderr]     Checking myblog v0.1.0 (/opt/rustwide/workdir)
[INFO] [stdout] error[E0432]: unresolved import `global_state`
[INFO] [stdout]  --> src/templates/index.rs:3:5
[INFO] [stdout]   |
[INFO] [stdout] 3 | use global_state;
[INFO] [stdout]   |     ^^^^^^^^^^^^ no external crate `global_state`
[INFO] [stdout]   |
[INFO] [stdout] help: consider importing this module instead
[INFO] [stdout]   |
[INFO] [stdout] 3 | use crate::global_state;
[INFO] [stdout]   |     ~~~~~~~~~~~~~~~~~~~
[INFO] [stdout] 
[INFO] [stdout] 
[INFO] [stdout] error[E0432]: unresolved import `global_state`
[INFO] [stdout]  --> src/templates/index.rs:3:5
[INFO] [stdout]   |
[INFO] [stdout] 3 | use global_state;
[INFO] [stdout]   |     ^^^^^^^^^^^^ no external crate `global_state`
[INFO] [stdout]   |
[INFO] [stdout] help: consider importing this module instead
[INFO] [stdout]   |
[INFO] [stdout] 3 | use crate::global_state;
[INFO] [stdout]   |     ~~~~~~~~~~~~~~~~~~~
[INFO] [stdout] 
[INFO] [stdout] 
[INFO] [stdout] error[E0412]: cannot find type `Client` in this scope
[INFO] [stdout]   --> src/templates/index.rs:97:17
[INFO] [stdout]    |
[INFO] [stdout] 97 |     let client: Client = db_pool
[INFO] [stdout]    |                 ^^^^^^ not found in this scope
[INFO] [stdout]    |
[INFO] [stdout] help: consider importing one of these items
[INFO] [stdout]    |
[INFO] [stdout] 1  + use deadpool_postgres::Client;
[INFO] [stdout]    |
[INFO] [stdout] 1  + use tokio_postgres::Client;
[INFO] [stdout]    |
[INFO] [stdout] 
[INFO] [stdout] 
[INFO] [stdout] error[E0425]: cannot find value `db_pool` in this scope
[INFO] [stdout]   --> src/templates/index.rs:97:26
[INFO] [stdout]    |
[INFO] [stdout] 97 |     let client: Client = db_pool
[INFO] [stdout]    |                          ^^^^^^^ not found in this scope
[INFO] [stdout] 
[INFO] [stdout] 
[INFO] [stdout] error[E0412]: cannot find type `Client` in this scope
[INFO] [stdout]   --> src/templates/index.rs:97:17
[INFO] [stdout]    |
[INFO] [stdout] 97 |     let client: Client = db_pool
[INFO] [stdout]    |                 ^^^^^^ not found in this scope
[INFO] [stdout]    |
[INFO] [stdout] help: consider importing one of these items
[INFO] [stdout]    |
[INFO] [stdout] 1  + use deadpool_postgres::Client;
[INFO] [stdout]    |
[INFO] [stdout] 1  + use tokio_postgres::Client;
[INFO] [stdout]    |
[INFO] [stdout] 
[INFO] [stdout] 
[INFO] [stdout] error[E0425]: cannot find value `db_pool` in this scope
[INFO] [stdout]   --> src/templates/index.rs:97:26
[INFO] [stdout]    |
[INFO] [stdout] 97 |     let client: Client = db_pool
[INFO] [stdout]    |                          ^^^^^^^ not found in this scope
[INFO] [stdout] 
[INFO] [stdout] 
[INFO] [stdout] warning: unused import: `Serialize`
[INFO] [stdout]  --> src/configs.rs:3:26
[INFO] [stdout]   |
[INFO] [stdout] 3 | use serde::{Deserialize, Serialize};
[INFO] [stdout]   |                          ^^^^^^^^^
[INFO] [stdout]   |
[INFO] [stdout]   = note: `#[warn(unused_imports)]` on by default
[INFO] [stdout] 
[INFO] [stdout] 
[INFO] [stdout] warning: unused imports: `Client`, `PoolError`, `Pool`, `Runtime`
[INFO] [stdout]  --> src/configs.rs:5:25
[INFO] [stdout]   |
[INFO] [stdout] 5 | use deadpool_postgres::{Client, Pool, PoolError, Runtime};
[INFO] [stdout]   |                         ^^^^^^  ^^^^  ^^^^^^^^^  ^^^^^^^
[INFO] [stdout] 
[INFO] [stdout] 
[INFO] [stdout] warning: unused import: `dotenv::dotenv`
[INFO] [stdout]  --> src/configs.rs:6:5
[INFO] [stdout]   |
[INFO] [stdout] 6 | use dotenv::dotenv;
[INFO] [stdout]   |     ^^^^^^^^^^^^^^
[INFO] [stdout] 
[INFO] [stdout] 
[INFO] [stdout] warning: unused import: `Serialize`
[INFO] [stdout]  --> src/configs.rs:3:26
[INFO] [stdout]   |
[INFO] [stdout] 3 | use serde::{Deserialize, Serialize};
[INFO] [stdout]   |                          ^^^^^^^^^
[INFO] [stdout]   |
[INFO] [stdout]   = note: `#[warn(unused_imports)]` on by default
[INFO] [stdout] 
[INFO] [stdout] 
[INFO] [stdout] warning: unused import: `chrono::prelude::*`
[INFO] [stdout]  --> src/dbmodels/category/models.rs:4:5
[INFO] [stdout]   |
[INFO] [stdout] 4 | use chrono::prelude::*;
[INFO] [stdout]   |     ^^^^^^^^^^^^^^^^^^
[INFO] [stdout] 
[INFO] [stdout] 
[INFO] [stdout] warning: unused imports: `Client`, `PoolError`, `Pool`, `Runtime`
[INFO] [stdout]  --> src/configs.rs:5:25
[INFO] [stdout]   |
[INFO] [stdout] 5 | use deadpool_postgres::{Client, Pool, PoolError, Runtime};
[INFO] [stdout]   |                         ^^^^^^  ^^^^  ^^^^^^^^^  ^^^^^^^
[INFO] [stdout] 
[INFO] [stdout] 
[INFO] [stdout] warning: unused imports: `DateTime`, `Duration`, `Utc`
[INFO] [stdout]  --> src/dbmodels/category/models.rs:5:14
[INFO] [stdout]   |
[INFO] [stdout] 5 | use chrono::{DateTime, Duration, Utc};
[INFO] [stdout]   |              ^^^^^^^^  ^^^^^^^^  ^^^
[INFO] [stdout] 
[INFO] [stdout] 
[INFO] [stdout] warning: unused import: `dotenv::dotenv`
[INFO] [stdout]  --> src/configs.rs:6:5
[INFO] [stdout]   |
[INFO] [stdout] 6 | use dotenv::dotenv;
[INFO] [stdout]   |     ^^^^^^^^^^^^^^
[INFO] [stdout] 
[INFO] [stdout] 
[INFO] [stdout] warning: unused import: `crate::dbmodels`
[INFO] [stdout]  --> src/dbmodels/mod.rs:3:5
[INFO] [stdout]   |
[INFO] [stdout] 3 | use crate::dbmodels;
[INFO] [stdout]   |     ^^^^^^^^^^^^^^^
[INFO] [stdout] 
[INFO] [stdout] 
[INFO] [stdout] warning: unused import: `chrono::prelude::*`
[INFO] [stdout]  --> src/dbmodels/category/models.rs:4:5
[INFO] [stdout]   |
[INFO] [stdout] 4 | use chrono::prelude::*;
[INFO] [stdout]   |     ^^^^^^^^^^^^^^^^^^
[INFO] [stdout] 
[INFO] [stdout] 
[INFO] [stdout] warning: unused import: `crate::dbmodels::category`
[INFO] [stdout]  --> src/templates/index.rs:1:5
[INFO] [stdout]   |
[INFO] [stdout] 1 | use crate::dbmodels::category;
[INFO] [stdout]   |     ^^^^^^^^^^^^^^^^^^^^^^^^^
[INFO] [stdout] 
[INFO] [stdout] 
[INFO] [stdout] warning: unused import: `crate::dbmodels::category::CreateCategory`
[INFO] [stdout]  --> src/templates/index.rs:2:5
[INFO] [stdout]   |
[INFO] [stdout] 2 | use crate::dbmodels::category::CreateCategory;
[INFO] [stdout]   |     ^^^^^^^^^^^^^^^^^^^^^^^^^^^^^^^^^^^^^^^^^
[INFO] [stdout] 
[INFO] [stdout] 
[INFO] [stdout] warning: unused imports: `DateTime`, `Duration`, `Utc`
[INFO] [stdout]  --> src/dbmodels/category/models.rs:5:14
[INFO] [stdout]   |
[INFO] [stdout] 5 | use chrono::{DateTime, Duration, Utc};
[INFO] [stdout]   |              ^^^^^^^^  ^^^^^^^^  ^^^
[INFO] [stdout] 
[INFO] [stdout] 
[INFO] [stdout] warning: unused imports: `Deserialize`, `Serialize`
[INFO] [stdout]  --> src/templates/index.rs:5:13
[INFO] [stdout]   |
[INFO] [stdout] 5 | use serde::{Deserialize, Serialize};
[INFO] [stdout]   |             ^^^^^^^^^^^  ^^^^^^^^^
[INFO] [stdout] 
[INFO] [stdout] 
[INFO] [stdout] warning: unused import: `crate::dbmodels`
[INFO] [stdout]  --> src/dbmodels/mod.rs:3:5
[INFO] [stdout]   |
[INFO] [stdout] 3 | use crate::dbmodels;
[INFO] [stdout]   |     ^^^^^^^^^^^^^^^
[INFO] [stdout] 
[INFO] [stdout] 
[INFO] [stdout] warning: unused import: `Manager`
[INFO] [stdout]  --> src/global_state.rs:1:25
[INFO] [stdout]   |
[INFO] [stdout] 1 | use deadpool_postgres::{Manager, Pool, Runtime};
[INFO] [stdout]   |                         ^^^^^^^
[INFO] [stdout] 
[INFO] [stdout] 
[INFO] [stdout] warning: unused import: `crate::dbmodels::category`
[INFO] [stdout]  --> src/templates/index.rs:1:5
[INFO] [stdout]   |
[INFO] [stdout] 1 | use crate::dbmodels::category;
[INFO] [stdout]   |     ^^^^^^^^^^^^^^^^^^^^^^^^^
[INFO] [stdout] 
[INFO] [stdout] 
[INFO] [stdout] warning: unused import: `dotenv::dotenv`
[INFO] [stdout]  --> src/global_state.rs:3:5
[INFO] [stdout]   |
[INFO] [stdout] 3 | use dotenv::dotenv;
[INFO] [stdout]   |     ^^^^^^^^^^^^^^
[INFO] [stdout] 
[INFO] [stdout] 
[INFO] [stdout] warning: unused import: `crate::dbmodels::category::CreateCategory`
[INFO] [stdout]  --> src/templates/index.rs:2:5
[INFO] [stdout]   |
[INFO] [stdout] 2 | use crate::dbmodels::category::CreateCategory;
[INFO] [stdout]   |     ^^^^^^^^^^^^^^^^^^^^^^^^^^^^^^^^^^^^^^^^^
[INFO] [stdout] 
[INFO] [stdout] 
[INFO] [stdout] warning: unused import: `Serialize`
[INFO] [stdout]  --> src/global_state.rs:5:26
[INFO] [stdout]   |
[INFO] [stdout] 5 | use serde::{Deserialize, Serialize};
[INFO] [stdout]   |                          ^^^^^^^^^
[INFO] [stdout] 
[INFO] [stdout] 
[INFO] [stdout] warning: unused import: `dotenv::dotenv`
[INFO] [stdout]  --> src/lib.rs:8:5
[INFO] [stdout]   |
[INFO] [stdout] 8 | use dotenv::dotenv;
[INFO] [stdout]   |     ^^^^^^^^^^^^^^
[INFO] [stdout] 
[INFO] [stdout] 
[INFO] [stdout] warning: unused imports: `Deserialize`, `Serialize`
[INFO] [stdout]  --> src/templates/index.rs:5:13
[INFO] [stdout]   |
[INFO] [stdout] 5 | use serde::{Deserialize, Serialize};
[INFO] [stdout]   |             ^^^^^^^^^^^  ^^^^^^^^^
[INFO] [stdout] 
[INFO] [stdout] 
[INFO] [stdout] warning: unused import: `Manager`
[INFO] [stdout]  --> src/global_state.rs:1:25
[INFO] [stdout]   |
[INFO] [stdout] 1 | use deadpool_postgres::{Manager, Pool, Runtime};
[INFO] [stdout]   |                         ^^^^^^^
[INFO] [stdout] 
[INFO] [stdout] 
[INFO] [stdout] warning: unused import: `dotenv::dotenv`
[INFO] [stdout]  --> src/global_state.rs:3:5
[INFO] [stdout]   |
[INFO] [stdout] 3 | use dotenv::dotenv;
[INFO] [stdout]   |     ^^^^^^^^^^^^^^
[INFO] [stdout] 
[INFO] [stdout] 
[INFO] [stdout] warning: unused import: `Serialize`
[INFO] [stdout]  --> src/global_state.rs:5:26
[INFO] [stdout]   |
[INFO] [stdout] 5 | use serde::{Deserialize, Serialize};
[INFO] [stdout]   |                          ^^^^^^^^^
[INFO] [stdout] 
[INFO] [stdout] 
[INFO] [stdout] warning: unused import: `dotenv::dotenv`
[INFO] [stdout]  --> src/lib.rs:8:5
[INFO] [stdout]   |
[INFO] [stdout] 8 | use dotenv::dotenv;
[INFO] [stdout]   |     ^^^^^^^^^^^^^^
[INFO] [stdout] 
[INFO] [stdout] 
[INFO] [stdout] error[E0433]: failed to resolve: use of undeclared crate or module `db`
[INFO] [stdout]    --> src/templates/index.rs:102:18
[INFO] [stdout]     |
[INFO] [stdout] 102 |     let result = db::category_list(&client).await;
[INFO] [stdout]     |                  ^^ use of undeclared crate or module `db`
[INFO] [stdout] 
[INFO] [stdout] 
[INFO] [stdout] error[E0433]: failed to resolve: use of undeclared crate or module `db`
[INFO] [stdout]    --> src/templates/index.rs:102:18
[INFO] [stdout]     |
[INFO] [stdout] 102 |     let result = db::category_list(&client).await;
[INFO] [stdout]     |                  ^^ use of undeclared crate or module `db`
[INFO] [stdout] 
[INFO] [stdout] 
[INFO] [stdout] error[E0308]: mismatched types
[INFO] [stdout]    --> src/templates/index.rs:95:46
[INFO] [stdout]     |
[INFO] [stdout] 95  |   ) -> RenderFnResultWithCause<IndexPageState> {
[INFO] [stdout]     |  ______________________________________________^
[INFO] [stdout] 96  | |     let pool = global_state::make_db_pool().await;
[INFO] [stdout] 97  | |     let client: Client = db_pool
[INFO] [stdout] 98  | |         .get()
[INFO] [stdout] ...   |
[INFO] [stdout] 102 | |     let result = db::category_list(&client).await;
[INFO] [stdout] 103 | | }
[INFO] [stdout]     | |_^ expected `Result<IndexPageState, ...>`, found `()`
[INFO] [stdout]     |
[INFO] [stdout]     = note:   expected enum `Result<IndexPageState, GenericErrorWithCause>`
[INFO] [stdout]             found unit type `()`
[INFO] [stdout] note: consider returning one of these bindings
[INFO] [stdout]    --> src/templates/index.rs:96:9
[INFO] [stdout]     |
[INFO] [stdout] 96  |     let pool = global_state::make_db_pool().await;
[INFO] [stdout]     |         ^^^^
[INFO] [stdout] ...
[INFO] [stdout] 102 |     let result = db::category_list(&client).await;
[INFO] [stdout]     |         ^^^^^^
[INFO] [stdout] 
[INFO] [stdout] 
[INFO] [stdout] error[E0308]: mismatched types
[INFO] [stdout]    --> src/templates/index.rs:95:46
[INFO] [stdout]     |
[INFO] [stdout] 95  |   ) -> RenderFnResultWithCause<IndexPageState> {
[INFO] [stdout]     |  ______________________________________________^
[INFO] [stdout] 96  | |     let pool = global_state::make_db_pool().await;
[INFO] [stdout] 97  | |     let client: Client = db_pool
[INFO] [stdout] 98  | |         .get()
[INFO] [stdout] ...   |
[INFO] [stdout] 102 | |     let result = db::category_list(&client).await;
[INFO] [stdout] 103 | | }
[INFO] [stdout]     | |_^ expected `Result<IndexPageState, ...>`, found `()`
[INFO] [stdout]     |
[INFO] [stdout]     = note:   expected enum `Result<IndexPageState, GenericErrorWithCause>`
[INFO] [stdout]             found unit type `()`
[INFO] [stdout] note: consider returning one of these bindings
[INFO] [stdout]    --> src/templates/index.rs:96:9
[INFO] [stdout]     |
[INFO] [stdout] 96  |     let pool = global_state::make_db_pool().await;
[INFO] [stdout]     |         ^^^^
[INFO] [stdout] ...
[INFO] [stdout] 102 |     let result = db::category_list(&client).await;
[INFO] [stdout]     |         ^^^^^^
[INFO] [stdout] 
[INFO] [stdout] 
[INFO] [stdout] error[E0308]: mismatched types
[INFO] [stdout]   --> src/global_state.rs:60:16
[INFO] [stdout]    |
[INFO] [stdout] 60 |         pools: pool.clone(),
[INFO] [stdout]    |                ^^^^^^^^^^^^ expected `BasicPool`, found `()`
[INFO] [stdout] 
[INFO] [stdout] 
[INFO] [stdout] error[E0308]: mismatched types
[INFO] [stdout]   --> src/global_state.rs:60:16
[INFO] [stdout]    |
[INFO] [stdout] 60 |         pools: pool.clone(),
[INFO] [stdout]    |                ^^^^^^^^^^^^ expected `BasicPool`, found `()`
[INFO] [stdout] 
[INFO] [stdout] 
[INFO] [stdout] error[E0277]: the trait bound `BasicPool: Serialize` is not satisfied
[INFO] [stdout]     --> src/global_state.rs:29:1
[INFO] [stdout]      |
[INFO] [stdout] 29   | #[perseus::make_rx(AppStateRx)]
[INFO] [stdout]      | ^^^^^^^^^^^^^^^^^^^^^^^^^^^^^^^ the trait `Serialize` is not implemented for `BasicPool`
[INFO] [stdout] 30   | pub struct AppState {
[INFO] [stdout] 31   |     pub pools: BasicPool,
[INFO] [stdout]      |     -------------------- required by a bound introduced by this call
[INFO] [stdout]      |
[INFO] [stdout]      = help: the following other types implement trait `Serialize`:
[INFO] [stdout]                &'a T
[INFO] [stdout]                &'a mut T
[INFO] [stdout]                ()
[INFO] [stdout]                (T0, T1)
[INFO] [stdout]                (T0, T1, T2)
[INFO] [stdout]                (T0, T1, T2, T3)
[INFO] [stdout]                (T0, T1, T2, T3, T4)
[INFO] [stdout]                (T0, T1, T2, T3, T4, T5)
[INFO] [stdout]              and 151 others
[INFO] [stdout] note: required by a bound in `configs::_::_serde::ser::SerializeStruct::serialize_field`
[INFO] [stdout]     --> /opt/rustwide/cargo-home/registry/src/index.crates.io-6f17d22bba15001f/serde-1.0.136/src/ser/mod.rs:1899:12
[INFO] [stdout]      |
[INFO] [stdout] 1893 |     fn serialize_field<T: ?Sized>(
[INFO] [stdout]      |        --------------- required by a bound in this associated function
[INFO] [stdout] ...
[INFO] [stdout] 1899 |         T: Serialize;
[INFO] [stdout]      |            ^^^^^^^^^ required by this bound in `SerializeStruct::serialize_field`
[INFO] [stdout] 
[INFO] [stdout] 
[INFO] [stdout] error[E0277]: the trait bound `deadpool::managed::Pool<Manager>: Deserialize<'_>` is not satisfied
[INFO] [stdout]     --> src/global_state.rs:35:17
[INFO] [stdout]      |
[INFO] [stdout] 35   |     pub basics: Pool,
[INFO] [stdout]      |                 ^^^^ the trait `Deserialize<'_>` is not implemented for `deadpool::managed::Pool<Manager>`
[INFO] [stdout]      |
[INFO] [stdout]      = help: the following other types implement trait `Deserialize<'de>`:
[INFO] [stdout]                &'a Path
[INFO] [stdout]                &'a [u8]
[INFO] [stdout]                &'a str
[INFO] [stdout]                ()
[INFO] [stdout]                (T0, T1)
[INFO] [stdout]                (T0, T1, T2)
[INFO] [stdout]                (T0, T1, T2, T3)
[INFO] [stdout]                (T0, T1, T2, T3, T4)
[INFO] [stdout]              and 158 others
[INFO] [stdout] note: required by a bound in `next_element`
[INFO] [stdout]     --> /opt/rustwide/cargo-home/registry/src/index.crates.io-6f17d22bba15001f/serde-1.0.136/src/de/mod.rs:1725:12
[INFO] [stdout]      |
[INFO] [stdout] 1723 |     fn next_element<T>(&mut self) -> Result<Option<T>, Self::Error>
[INFO] [stdout]      |        ------------ required by a bound in this associated function
[INFO] [stdout] 1724 |     where
[INFO] [stdout] 1725 |         T: Deserialize<'de>,
[INFO] [stdout]      |            ^^^^^^^^^^^^^^^^ required by this bound in `SeqAccess::next_element`
[INFO] [stdout] 
[INFO] [stdout] 
[INFO] [stdout] error[E0277]: the trait bound `deadpool::managed::Pool<Manager>: Deserialize<'_>` is not satisfied
[INFO] [stdout]     --> src/global_state.rs:35:17
[INFO] [stdout]      |
[INFO] [stdout] 35   |     pub basics: Pool,
[INFO] [stdout]      |                 ^^^^ the trait `Deserialize<'_>` is not implemented for `deadpool::managed::Pool<Manager>`
[INFO] [stdout]      |
[INFO] [stdout]      = help: the following other types implement trait `Deserialize<'de>`:
[INFO] [stdout]                &'a Path
[INFO] [stdout]                &'a [u8]
[INFO] [stdout]                &'a str
[INFO] [stdout]                ()
[INFO] [stdout]                (T0, T1)
[INFO] [stdout]                (T0, T1, T2)
[INFO] [stdout]                (T0, T1, T2, T3)
[INFO] [stdout]                (T0, T1, T2, T3, T4)
[INFO] [stdout]              and 158 others
[INFO] [stdout] note: required by a bound in `next_value`
[INFO] [stdout]     --> /opt/rustwide/cargo-home/registry/src/index.crates.io-6f17d22bba15001f/serde-1.0.136/src/de/mod.rs:1864:12
[INFO] [stdout]      |
[INFO] [stdout] 1862 |     fn next_value<V>(&mut self) -> Result<V, Self::Error>
[INFO] [stdout]      |        ---------- required by a bound in this associated function
[INFO] [stdout] 1863 |     where
[INFO] [stdout] 1864 |         V: Deserialize<'de>,
[INFO] [stdout]      |            ^^^^^^^^^^^^^^^^ required by this bound in `MapAccess::next_value`
[INFO] [stdout] 
[INFO] [stdout] 
[INFO] [stdout] error[E0277]: the trait bound `deadpool::managed::Pool<Manager>: Deserialize<'_>` is not satisfied
[INFO] [stdout]   --> src/global_state.rs:35:5
[INFO] [stdout]    |
[INFO] [stdout] 35 |     pub basics: Pool,
[INFO] [stdout]    |     ^^^^^^^^^^^^^^^^ the trait `Deserialize<'_>` is not implemented for `deadpool::managed::Pool<Manager>`
[INFO] [stdout]    |
[INFO] [stdout]    = help: the following other types implement trait `Deserialize<'de>`:
[INFO] [stdout]              &'a Path
[INFO] [stdout]              &'a [u8]
[INFO] [stdout]              &'a str
[INFO] [stdout]              ()
[INFO] [stdout]              (T0, T1)
[INFO] [stdout]              (T0, T1, T2)
[INFO] [stdout]              (T0, T1, T2, T3)
[INFO] [stdout]              (T0, T1, T2, T3, T4)
[INFO] [stdout]            and 158 others
[INFO] [stdout] note: required by a bound in `configs::_::_serde::__private::de::missing_field`
[INFO] [stdout]   --> /opt/rustwide/cargo-home/registry/src/index.crates.io-6f17d22bba15001f/serde-1.0.136/src/private/de.rs:22:8
[INFO] [stdout]    |
[INFO] [stdout] 20 | pub fn missing_field<'de, V, E>(field: &'static str) -> Result<V, E>
[INFO] [stdout]    |        ------------- required by a bound in this function
[INFO] [stdout] 21 | where
[INFO] [stdout] 22 |     V: Deserialize<'de>,
[INFO] [stdout]    |        ^^^^^^^^^^^^^^^^ required by this bound in `missing_field`
[INFO] [stdout] 
[INFO] [stdout] 
[INFO] [stdout] error: aborting due to 10 previous errors; 13 warnings emitted
[INFO] [stdout] 
[INFO] [stdout] 
[INFO] [stdout] Some errors have detailed explanations: E0277, E0308, E0412, E0425, E0432, E0433.
[INFO] [stdout] 
[INFO] [stdout] For more information about an error, try `rustc --explain E0277`.
[INFO] [stdout] 
[INFO] [stdout] error[E0277]: the trait bound `BasicPool: Serialize` is not satisfied
[INFO] [stdout]     --> src/global_state.rs:29:1
[INFO] [stdout]      |
[INFO] [stdout] 29   | #[perseus::make_rx(AppStateRx)]
[INFO] [stdout]      | ^^^^^^^^^^^^^^^^^^^^^^^^^^^^^^^ the trait `Serialize` is not implemented for `BasicPool`
[INFO] [stdout] 30   | pub struct AppState {
[INFO] [stdout] 31   |     pub pools: BasicPool,
[INFO] [stdout]      |     -------------------- required by a bound introduced by this call
[INFO] [stdout]      |
[INFO] [stdout]      = help: the following other types implement trait `Serialize`:
[INFO] [stdout]                &'a T
[INFO] [stdout]                &'a mut T
[INFO] [stdout]                ()
[INFO] [stdout]                (T0, T1)
[INFO] [stdout]                (T0, T1, T2)
[INFO] [stdout]                (T0, T1, T2, T3)
[INFO] [stdout]                (T0, T1, T2, T3, T4)
[INFO] [stdout]                (T0, T1, T2, T3, T4, T5)
[INFO] [stdout]              and 151 others
[INFO] [stdout] note: required by a bound in `configs::_::_serde::ser::SerializeStruct::serialize_field`
[INFO] [stdout]     --> /opt/rustwide/cargo-home/registry/src/index.crates.io-6f17d22bba15001f/serde-1.0.136/src/ser/mod.rs:1899:12
[INFO] [stdout]      |
[INFO] [stdout] 1893 |     fn serialize_field<T: ?Sized>(
[INFO] [stdout]      |        --------------- required by a bound in this associated function
[INFO] [stdout] ...
[INFO] [stdout] 1899 |         T: Serialize;
[INFO] [stdout]      |            ^^^^^^^^^ required by this bound in `SerializeStruct::serialize_field`
[INFO] [stdout] 
[INFO] [stdout] 
[INFO] [stderr] error: could not compile `myblog` (lib test) due to 11 previous errors; 13 warnings emitted
[INFO] [stderr] warning: build failed, waiting for other jobs to finish...
[INFO] [stdout] error[E0277]: the trait bound `deadpool::managed::Pool<Manager>: Deserialize<'_>` is not satisfied
[INFO] [stdout]     --> src/global_state.rs:35:17
[INFO] [stdout]      |
[INFO] [stdout] 35   |     pub basics: Pool,
[INFO] [stdout]      |                 ^^^^ the trait `Deserialize<'_>` is not implemented for `deadpool::managed::Pool<Manager>`
[INFO] [stdout]      |
[INFO] [stdout]      = help: the following other types implement trait `Deserialize<'de>`:
[INFO] [stdout]                &'a Path
[INFO] [stdout]                &'a [u8]
[INFO] [stdout]                &'a str
[INFO] [stdout]                ()
[INFO] [stdout]                (T0, T1)
[INFO] [stdout]                (T0, T1, T2)
[INFO] [stdout]                (T0, T1, T2, T3)
[INFO] [stdout]                (T0, T1, T2, T3, T4)
[INFO] [stdout]              and 158 others
[INFO] [stdout] note: required by a bound in `next_element`
[INFO] [stdout]     --> /opt/rustwide/cargo-home/registry/src/index.crates.io-6f17d22bba15001f/serde-1.0.136/src/de/mod.rs:1725:12
[INFO] [stdout]      |
[INFO] [stdout] 1723 |     fn next_element<T>(&mut self) -> Result<Option<T>, Self::Error>
[INFO] [stdout]      |        ------------ required by a bound in this associated function
[INFO] [stdout] 1724 |     where
[INFO] [stdout] 1725 |         T: Deserialize<'de>,
[INFO] [stdout]      |            ^^^^^^^^^^^^^^^^ required by this bound in `SeqAccess::next_element`
[INFO] [stdout] 
[INFO] [stdout] 
[INFO] [stdout] error[E0277]: the trait bound `deadpool::managed::Pool<Manager>: Deserialize<'_>` is not satisfied
[INFO] [stdout]     --> src/global_state.rs:35:17
[INFO] [stdout]      |
[INFO] [stdout] 35   |     pub basics: Pool,
[INFO] [stdout]      |                 ^^^^ the trait `Deserialize<'_>` is not implemented for `deadpool::managed::Pool<Manager>`
[INFO] [stdout]      |
[INFO] [stdout]      = help: the following other types implement trait `Deserialize<'de>`:
[INFO] [stdout]                &'a Path
[INFO] [stdout]                &'a [u8]
[INFO] [stdout]                &'a str
[INFO] [stdout]                ()
[INFO] [stdout]                (T0, T1)
[INFO] [stdout]                (T0, T1, T2)
[INFO] [stdout]                (T0, T1, T2, T3)
[INFO] [stdout]                (T0, T1, T2, T3, T4)
[INFO] [stdout]              and 158 others
[INFO] [stdout] note: required by a bound in `next_value`
[INFO] [stdout]     --> /opt/rustwide/cargo-home/registry/src/index.crates.io-6f17d22bba15001f/serde-1.0.136/src/de/mod.rs:1864:12
[INFO] [stdout]      |
[INFO] [stdout] 1862 |     fn next_value<V>(&mut self) -> Result<V, Self::Error>
[INFO] [stdout]      |        ---------- required by a bound in this associated function
[INFO] [stdout] 1863 |     where
[INFO] [stdout] 1864 |         V: Deserialize<'de>,
[INFO] [stdout]      |            ^^^^^^^^^^^^^^^^ required by this bound in `MapAccess::next_value`
[INFO] [stdout] 
[INFO] [stdout] 
[INFO] [stdout] error[E0277]: the trait bound `deadpool::managed::Pool<Manager>: Deserialize<'_>` is not satisfied
[INFO] [stdout]   --> src/global_state.rs:35:5
[INFO] [stdout]    |
[INFO] [stdout] 35 |     pub basics: Pool,
[INFO] [stdout]    |     ^^^^^^^^^^^^^^^^ the trait `Deserialize<'_>` is not implemented for `deadpool::managed::Pool<Manager>`
[INFO] [stdout]    |
[INFO] [stdout]    = help: the following other types implement trait `Deserialize<'de>`:
[INFO] [stdout]              &'a Path
[INFO] [stdout]              &'a [u8]
[INFO] [stdout]              &'a str
[INFO] [stdout]              ()
[INFO] [stdout]              (T0, T1)
[INFO] [stdout]              (T0, T1, T2)
[INFO] [stdout]              (T0, T1, T2, T3)
[INFO] [stdout]              (T0, T1, T2, T3, T4)
[INFO] [stdout]            and 158 others
[INFO] [stdout] note: required by a bound in `configs::_::_serde::__private::de::missing_field`
[INFO] [stdout]   --> /opt/rustwide/cargo-home/registry/src/index.crates.io-6f17d22bba15001f/serde-1.0.136/src/private/de.rs:22:8
[INFO] [stdout]    |
[INFO] [stdout] 20 | pub fn missing_field<'de, V, E>(field: &'static str) -> Result<V, E>
[INFO] [stdout]    |        ------------- required by a bound in this function
[INFO] [stdout] 21 | where
[INFO] [stdout] 22 |     V: Deserialize<'de>,
[INFO] [stdout]    |        ^^^^^^^^^^^^^^^^ required by this bound in `missing_field`
[INFO] [stdout] 
[INFO] [stdout] 
[INFO] [stdout] error: aborting due to 10 previous errors; 13 warnings emitted
[INFO] [stdout] 
[INFO] [stdout] 
[INFO] [stdout] Some errors have detailed explanations: E0277, E0308, E0412, E0425, E0432, E0433.
[INFO] [stdout] 
[INFO] [stdout] For more information about an error, try `rustc --explain E0277`.
[INFO] [stdout] 
[INFO] [stderr] error: could not compile `myblog` (lib) due to 11 previous errors; 13 warnings emitted
[INFO] running `Command { std: "docker" "inspect" "69762a03640f35f6d438bcbe929d209dc4d5281ec4475f607caf874b1af369ed", kill_on_drop: false }`
[INFO] running `Command { std: "docker" "rm" "-f" "69762a03640f35f6d438bcbe929d209dc4d5281ec4475f607caf874b1af369ed", kill_on_drop: false }`
[INFO] [stdout] 69762a03640f35f6d438bcbe929d209dc4d5281ec4475f607caf874b1af369ed
